 n(r) = 0 + 3*r + 0. Let t(v) = h*n(v) - 2*m(v). What is t(6)?
18
Let j(z) be the first derivative of -z**4/4 + 14*z**3/3 + 26*z**2 - 23*z + 7065. Calculate j(17).
-6
Let y(n) = 49 + 104*n + 107*n + 77*n - 285*n. Calculate y(-22).
-17
Let z(s) = -16*s**2 + s + 1. Let t(n) = -30*n + 171. Let h be t(6). Let l(p) = 23*p + 206. Let v be l(h). What is z(v)?
-16
Suppose -8 = 64*f - 63*f. Let y be (-45)/(-30) + 20/f. Let l(c) = 6*c. Calculate l(y).
-6
Let x(u) = -u**2 + 3*u + 5. Let w(l) = l**2 - 3*l - 4. Suppose 80 = -24*h + 32. Let b(f) = h*x(f) - 3*w(f). Determine b(-2).
-8
Let k = -8807 + 8811. Let o(t) be the second derivative of -1/2*t**2 - 1/12*t**k - 17*t - 1/2*t**3 + 0. What is o(-5)?
-11
Let j(s) be the third derivative of 0*s + 0 + 14*s**2 - 3/2*s**3 - 1/6*s**4. What is j(-6)?
15
Let k = -29 + 31. Let l(m) = -112*m + 112*m + 4*m**k - 3*m**2. Let j be 11/((-770)/20) - (-36)/28. What is l(j)?
1
Suppose -149*i = -73*i - 152. Let u(t) = 51*t - 108. Calculate u(i).
-6
Let h(r) = -r**3 - 5*r**2 - 5*r - 6. Let x(i) = -5*i**3 - 25*i**2 - 25*i - 31. Let l(w) = -11*h(w) + 2*x(w). Let q be 5*(171/(-165) - 6/(-165)). Determine l(q).
-21
Let t = -296 - 436. Let d = t + 726. Let j(a) = a**3 + 7*a**2 + 3*a - 8. What is j(d)?
10
Let h(o) = -2*o**2 + 2*o + 4. Let x(l) = -2*l**2 - 41*l - 207. Let p be x(-12). Give h(p).
-20
Let u(j) be the second derivative of -j**4/12 - 49*j**3/6 + 48*j**2 - 4*j + 405. What is u(-51)?
-6
Let w(c) = 7*c**3 - 3*c**2 + 21*c - 37. Let i(a) = 2*a**3 + a**2 + 6*a + 1. Let v(r) = -3*i(r) + w(r). Give v(7).
30
Let x = -1 - 2. Let i(o) = -2*o**2 + 10*o - 14. Let b(m) = 3*m**2 - 19*m + 27. Let p(f) = x*b(f) - 5*i(f). Let s = -3329 + 3321. Calculate p(s).
-3
Let y(i) = 11*i + 4. Let c(r) = 3*r + 42. Let j(f) = f**3 - 7*f**2 + 4*f - 3. Let u be j(6). Let s be c(u). Determine y(s).
-29
Suppose -57 = 35*b - 151*b + 523. Let t(f) = 3*f**2 - 12*f + 4. Calculate t(b).
19
Let k(a) be the first derivative of a**4/4 + 5*a**3/3 + 3*a**2/2 + 12*a + 820. Give k(-5).
-3
Let d(l) = 9 - 2*l + l**2 + 0*l**2 + 3*l. Let v be (742 + -742)*(-1)/7. Give d(v).
9
Let z(m) be the first derivative of m**3/3 - m**2/2 + 1. Let l(t) = 2 + 6*t**2 + 9*t - 18 - 19 - 4*t**2 + 9. Let a be l(2). What is z(a)?
0
Let s(a) = -2*a**3 + 37*a**2 - 20*a + 9. Let q = 11624 - 11606. What is s(q)?
-27
Let d be (-2)/3 - (4 - 210/18). Suppose 19 = 3*y + d. Let i(p) = -6 + 2*p**2 + p**3 + 2*p**2 - 3*p + 2*p - y*p. Determine i(-5).
-6
Suppose 36 = 81*o - 85*o. Let a(z) = z**2 + 11*z + 6. Calculate a(o).
-12
Let q = 45 - 48. Let a be 2*(-2)/6*(q - 0). Let j(k) = k**a - 131*k + 70*k + 65*k - 8. Calculate j(-6).
4
Let h(f) be the second derivative of 3*f**3/2 + 69*f**2/2 - 6*f + 71. What is h(-8)?
-3
Let z(s) = -2 - 4*s - 1 - s**3 - 6*s**2 + 0. Suppose -44*g - 10 = -406. Suppose 3*o + t + 4 = -10, -o - g = -4*t. Calculate z(o).
-8
Let m(n) = -n**3 - 10*n**2 - 10*n + 8. Suppose -5*x + 9*l - 40 = 11*l, 2*x = -l - 16. Give m(x).
-40
Let c(w) be the third derivative of -w**4/4 - 41*w**3/3 - 1001*w**2. Determine c(-15).
8
Let u(i) = 12*i + 19*i + 28 + 25*i**2 + 38*i - i**3 + 9 - 44*i. Calculate u(26).
11
Let q(a) = -2*a**2 + 50*a - 52. Suppose -4*t - 986 + 1082 = 0. Determine q(t).
-4
Let j(r) = -14*r**2 + r. Let p be 4/10 - 196/(-10). Suppose 190 = -18*t + 8*t. Let z = t + p. What is j(z)?
-13
Let k be 44/((0 - (-1)/(-2))*2). Let f = k - -36. Let x(c) be the second derivative of -c**4/12 - 5*c**3/3 - 4*c**2 + 3*c + 11. Determine x(f).
8
Suppose 5 = v + 2*z, 0 = -5*v + 5*z + 35 - 10. Suppose n - 2*n = x + 3, -v*x + 2*n = 22. Let a(s) = s - 2. Let u be a(x). Let t(q) = q + 11. What is t(u)?
5
Suppose -4*a + 5*a = 3. Let v(r) = 4 + 4*r**2 - 3*r - 6*r + 8*r. Let w(i) = -i**2. Let o(u) = -v(u) - 3*w(u). Determine o(a).
-10
Suppose -42*r - 4 = -43*r. Let v(c) = -41*c**2 + 0 + 49*c**2 - r*c + 2. Calculate v(2).
26
Let t(g) = -g**3 - 4*g**2 + 12*g + 52. Let o be t(-4). Let l(h) = 9*h - 22. Give l(o).
14
Let x(r) = -21*r**2 - 189*r + 12. Let o be x(-8). Suppose -22*k = 70 - o. Let a(f) be the second derivative of f**4/12 - 2*f**3/3 + 2*f**2 - 2*f. What is a(k)?
9
Let p(a) = 11*a**3 - a**2 - 3*a - 3. Suppose 4*y + 85*v = 83*v - 20, -v = -y + 7. Calculate p(y).
-12
Let n(j) = 374 - 732 + 391 + 4*j. Calculate n(-6).
9
Suppose 2*z + 3 = -y + 4, -y = -4*z + 5. Let b(d) = -2*d + 11. Let r be b(4). Let n(a) = -1 - 1401*a**r - a + 1411*a**3 + 0. What is n(y)?
-10
Let n(u) = -14 - 5*u + 4*u + 15. Let z be n(-1). Suppose z*j + 35 = 9*j. Let p(r) = r**3 - 6*r**2 + 4*r + 4. Determine p(j).
-1
Let f(j) be the second derivative of 4*j**3/3 - j**2 - 145*j + 1. What is f(-4)?
-34
Let i(g) = 5 - 3*g**3 + 2*g**3 - 4*g + 3*g + 4*g**2. Suppose 180 = 25*d + 80. Determine i(d).
1
Let u(o) be the first derivative of -o**3/3 - 5*o**2 - 11*o - 5957. What is u(-9)?
-2
Let y(f) be the first derivative of -f**3/3 + 7*f**2 - 54*f + 3643. Determine y(9).
-9
Let c = 2 - 2. Suppose -2*p = -5*k + 37, -2*k = -c*k - 10. Let y(o) = -6*o**2 - 3*o**2 + 4 + 4*o**2 + 3*o**2 + o**2 - o. Calculate y(p).
-26
Suppose -2 = t - c - 0, 0 = -4*c - 4. Let m(x) = 3*x**2 + 32*x + 47. Let n be m(-14). Let k(p) = -1 - 91*p + n*p - 95*p. Determine k(t).
-4
Let a(u) = -2*u + 17. Let m be (-7)/9 + 1 - (-25)/9. Let w be (-78)/(-10) - m/(-15). Let r be a(w). Let g(d) = -12*d + 1. Give g(r).
-11
Let x(n) = -9*n**2 - 19*n - 4. Let y(d) = -2*d**2 + 9*d + 7. Let a(p) = p**2 - 1. Let k(v) = -6*a(v) - y(v). Let i(b) = -7*k(b) + 3*x(b). Calculate i(-6).
-5
Let j = -159 + 161. Let l be (-4)/j*((-54)/(-12) - 1). Let z(k) = 2*k + 9. What is z(l)?
-5
Suppose -2*o = -3*c - 3, 3*o - 4*c = 2 + 2. Let n(b) be the first derivative of -b**2/2 - 26*b - 44. What is n(o)?
-26
Let a(p) be the third derivative of p**6/120 + p**5/12 - p**4/3 + p**3/6 + 15*p**2. Let k be -3 + 12 - (-3 + 0). Let x = k - 18. Give a(x).
13
Let m(h) be the second derivative of -h**6/120 - h**5/10 - 5*h**4/24 + h**3 + 9*h**2/2 - 64*h. Let i(s) be the first derivative of m(s). Give i(-5).
6
Let f(w) = w**3 - 6*w**2 + 6*w. Let o = -147 + 174. Suppose 33*i - 24 = o*i. Give f(i).
-8
Suppose 0 = -3*j + 3*a, j - 5*a = -7 - 1. Let z be (54/21)/(-9) + 88/14. Let b(s) = -7*s + 5*s**2 - 7 - z*s**j + 6. Give b(-5).
9
Suppose -7*r - 30 = -12*r. Let a(y) be the third derivative of y**5/60 - y**4/8 - 11*y**3/3 - y**2 + 76*y. Let k be a(r). Let v(z) = z**2 + 3*z - 5. Give v(k).
-1
Let h be -12*((-21)/4 - 5/(-20)). Let m = h + -60. Suppose -3*n + 16 = -f, 4*n = -2*f - m*n + 8. Let l(b) = b**2 + 7*b + 5. Determine l(f).
-7
Let c(w) = -w**3 - 4*w**2 + 4*w + 2. Let k = -123 - -122. Let h be k/3 - (-14)/(-3). Calculate c(h).
7
Let u = 29891 + -29885. Let r(l) = -36*l + 212. Determine r(u).
-4
Let p(c) be the third derivative of -c**5/60 + 5*c**4/12 + 16*c**3/3 - 7918*c**2. Determine p(16).
-64
Let d(u) = -3*u**3 + 77*u**2 + 28*u - 53. Suppose 4*k + 24 = 0, -z - 4*k + 9 = 7. Calculate d(z).
-1
Let m(l) = 3*l**3 - 30*l**2 - 38*l - 78. Let r(b) = b**3 - 15*b**2 - 18*b - 31. Let n(v) = 2*m(v) - 5*r(v). Determine n(-14).
-1
Let n(r) = -r**2 + 3*r - 1. Let h be n(2). Let z be (h + -9 - 1)*-1. Let i(w) = -10 - 58*w**2 + 180*w**2 - 54*w**2 - 69*w**2 + 9*w + 5. Give i(z).
-5
Let l(i) = -i**2 + 4*i - 6. Let c(h) = 428*h + 2 - 427*h - 6 - 12. Let f be c(23). Give l(f).
-27
Let i = 32 - 10. Let t be i/8 + (-2)/(-8). Let o(c) be the third derivative of -c**5/60 - c**3/2 - 288*c**2. Determine o(t).
-12
Let a(d) = 8*d - 25. Let q be a(4). Let y(p) = 0 - 15*p**2 - 9 + 11 + 2*p**3 + 9*p - 9 + 0. Determine y(q).
7
Let g be 33/(-8) - (60895/(-760) + 80). Let t(b) = 4 + 2*b**2 + 0*b + 6*b + 0*b**2. Give t(g).
12
Let h(a) = 4*a + 17. Let i be 1 - (-142)/(-9) - (-3106)/(-13977). Calculate h(i).
-43
Suppose 4*i + 12*d - 17*d + 13 = 0, 3*d - 13 = 5*i. Let c(q) = -2*q - 1. Give c(i).
3
Let g(a) be the third derivative of a**6/120 + a**4/6 + a**3/3 - 2*a**2 + 47*a. Let x be g(0). Let v(c) = -8*c + 1. Give v(x).
-15
Let o(v) be the second derivative of -2*v**3/3 - 25*v**2/2 - 157*v. Determine o(-9).
11
Let u(l) = -4*l**2 + 14*l - 29. Suppose -y + m = -6, -2*y - 2163 = m - 2166. Calculate u(y).
-23
Let m(i) = 6*i**2 - 376*i + 962. Let u be m(60). Let q(h) be the third derivative of -3*h**4/8 - h**3/3 + h**2. Give q(u).
-20
Let v(h) = h**3 +